k).
2
Let f(z) = z**3 - 17*z**2 + 2*z - 41. Suppose 4*x = r + 73, -5*r - 59 = -4*x + 34. Calculate f(x).
-7
Let n be 5/((15/12)/1)*45/(-36). Let q(s) = -2*s**2 - 8*s - 16. What is q(n)?
-26
Let x(f) = 42*f - 40. Let t(d) = 37*d - 47. Let c(y) = 6*t(y) - 5*x(y). Give c(7).
2
Let j(t) = -2*t + 14. Let w = 243 + -241. Suppose 34 = 4*v + w*u, v + u - 33 = -3*v. Give j(v).
-2
Let m(n) be the third derivative of 1/60*n**6 + n**2 + 0*n**5 + 0 + 0*n + 0*n**3 - 5/8*n**4. Let p(l) be the second derivative of m(l). Calculate p(-1).
-12
Let m(u) = -2*u + 3. Let p(v) = -13*v + 20. Let i(z) = -8*m(z) + p(z). Let n be (1*-3)/((-6)/8). Let x(g) = 4*g - 4. Let s(j) = n*x(j) - 5*i(j). Calculate s(0).
4
Let u(g) be the first derivative of g**2 + 1. Let w = -322 + 330. Suppose 2*o - 1 = -d, -o = -2*d - w - 5. Give u(o).
6
Let g(l) = -l**2 - l + 142. Let f(a) = -2. Let j(v) = 2*f(v) - g(v). Let m be j(12). Let k(i) = -i**3 + 11*i**2 - 10*i - 10. What is k(m)?
-10
Suppose -204 - 300 - 56 = -28*v. Let k(r) = -r**2 + 17*r + 61. Determine k(v).
1
Let q(t) = -t - 2. Let o = -6 + 7. Let u be 2/1 - 13/o. Let w = -14 - u. Give q(w).
1
Suppose 0 = 4*o + 2*n + 38, 2*n + 35 = -3*o + 7. Let b be (-4*(-42)/120)/((-2)/o). Let l(t) = -t**2 + 8*t - 10. What is l(b)?
-3
Let l(w) = -w**2 + 4*w - 1. Suppose b + 0*g - g + 4 = 0, -4*b + 16 = 4*g. Let h be l(b). Let p(q) = 7*q - 23*q + 4*q + 1. Calculate p(h).
13
Let d(m) = 8*m - 83 + 177 - 99. Give d(3).
19
Let k(j) = j**3 + 55*j**2 + 7*j + 36. Let l(f) = -f**3 - 46*f**2 - 8*f - 35. Let b(s) = -4*k(s) - 5*l(s). What is b(-9)?
4
Let g(w) = 6076*w - 183 - 3035*w - 3033*w. What is g(23)?
1
Let a(f) = -f**2 - 2*f + 5. Let j be (-7)/(-4*2/16). Let h(l) = -l + 10. Let z(w) = 3*w - 29. Let c(d) = 14*h(d) + 4*z(d). Let k be c(j). Determine a(k).
-3
Let f(u) = 49*u + 1490. Let c(h) = -65*h - 1987. Let n(z) = -10*c(z) - 13*f(z). Calculate n(-38).
6
Let q(r) = -2 + 2*r**2 - 165*r**3 + 0 + 2*r + 163*r**3 + 5 - 5*r. Determine q(2).
-11
Let d(q) be the first derivative of -q**4/4 - q**3/3 - 2*q**2 - 5*q + 3. Let b(a) = 3*a**3 + 2*a**2 + 11*a + 14. Let u(n) = -4*b(n) - 11*d(n). What is u(2)?
3
Let b(a) be the first derivative of -a**3/3 - 3*a**2/2 - a - 2108. Calculate b(-3).
-1
Suppose 2*m + 24 = 6*m. Let x(i) be the first derivative of -i**2/2 + 49. Determine x(m).
-6
Let q(r) = 4*r**2 - 9*r + 59. Let t be q(15). Suppose -t = 8*v - 864. Let y(i) = -i**2 + 10*i + 2. Determine y(v).
27
Let n(u) = u - 4. Suppose -5*w + p - 1746 = 0, -5*w + 2*p - 1749 = -2*p. Let r = 349 + w. Calculate n(r).
-4
Let k(u) = u + 1. Let r = 4 + 13. Suppose r*x - 10 = 19*x. Determine k(x).
-4
Let t(z) = z**3 - 9*z**2 + 7*z - 12. Let h = 675 - 345. Let w = h + -322. Determine t(w).
-20
Let z(t) = -t**3 + 9*t**2 + 11*t - 14. Let g be 577*8/24*(1 + 2). Let w = g - 567. What is z(w)?
-4
Suppose -2*u + 6 = 4*s + 16, 2*s = 3*u + 15. Let k(v) = -v**3 - v**2 + 5*v + 7. Calculate k(s).
7
Let k(h) = 12*h + 100. Let o be k(-8). Let d(g) = g**3 + 1122 + o*g**2 - 2*g - g**2 - 1121 + 5*g. Suppose -6*u + c = -u + 16, -3*c = u. Calculate d(u).
-8
Let j(m) = -2351*m**2 + 263*m + 2353*m**2 - 249*m + 26. Calculate j(-3).
2
Let u(x) = x**3 + 4*x**2 - 54*x - 255. Let s be u(-6). Let a(t) = t**3 + t**2 - 5*t + 1. What is a(s)?
-2
Let m(r) = r**2 - 29*r + 98. Let k(y) = 316*y + 1289. Let v be k(-4). Determine m(v).
-2
Let k(q) = -4*q**2 - 64*q**3 + 25*q**3 + 8 + 3*q**2 + 28*q**3 + 6*q. Determine k(-2).
80
Let g(r) be the first derivative of -r**4/4 - 2*r**3 - 11*r**2/2 + r - 3337. Determine g(-6).
67
Let y(z) be the third derivative of -z**4/6 - 31*z**3/3 - 627*z**2 + 2*z. What is y(-16)?
2
Let a(b) = 7*b**3 - b**2 + 1. Let i = 14 + 11. Suppose 11 = -2*q - i. Let o be (30/q - -2) + (-2)/(-3). Determine a(o).
7
Suppose -7*l + 143 = 129. Let u(o) = 37*o - 10. Calculate u(l).
64
Suppose 0 = -9*x + 14*x + 10. Let g(l) = -11*l**2 + 4*l. Let y(f) = -26*f**2 + 9*f. Let z(m) = -14*g(m) + 6*y(m). Calculate z(x).
-4
Suppose 2*a - 4*c = 2, -4*c = a + 2*a + 37. Let p(z) = 3*z - 2. What is p(a)?
-23
Let h(x) = 2*x**3 + 8*x**2 + 7*x + 9. Let l be h(-3). Suppose -4*z - 2*z = -54. Suppose 0 = -11*u + z*u - l. Let g(a) = -a - 4. Determine g(u).
-1
Suppose 2*q - 9 = -b, -11 = 48*b - 49*b - 4*q. Let n(a) = 6*a - 50. What is n(b)?
-8
Suppose -22*t - 14 - 52 = 0. Suppose 3*j = 13 + 29. Let x be (-2)/(2/(-3)) - (j + t). Let i(w) = -w**2 - 7*w + 10. Determine i(x).
2
Let g(n) = -2*n**3 - 3*n + 2. Let o be g(1). Let k be (o/(-1))/(-3 + 4). Suppose k*m = -10 + 4. Let j(l) = l**3 + l**2 - 3*l - 1. Determine j(m).
1
Let h(l) = -l**3 - l + 2. Suppose 147*v - 131*v = 48. Suppose -2*z - 4 = v*p, 11 - 21 = 5*z - 4*p. Calculate h(z).
12
Let c(r) be the third derivative of -r**5/60 + 11*r**4/24 + r**3 + 108*r**2 - 6*r. What is c(10)?
16
Let n(r) = -3*r - 25. Let a = 2479 + -2486. Give n(a).
-4
Suppose z + 3*o = -7, 4*z - 45*o - 11 = -44*o. Let n(g) = -2*g**3 + 3*g**2 - 3*g + 2. Determine n(z).
-8
Let q(p) be the first derivative of p**4/4 - 4*p**3/3 - 3*p**2/2 + 7*p - 1441. What is q(3)?
-11
Let x(f) = 4*f + 21*f + 32*f + 43765 - 43875. Give x(2).
4
Let u(n) be the third derivative of -23*n**7/5040 + n**6/720 + 61*n**5/20 - 2*n**2 + 127. Let b(w) be the third derivative of u(w). Calculate b(1).
-22
Let s = -196 - -198. Let p(n) be the second derivative of n**3/3 - n**2 + 39*n. Determine p(s).
2
Let h = 334 - 158. Let f = h + -182. Let y(k) = k**3 + 6*k**2 - 3*k - 9. Determine y(f).
9
Let r(l) = -3*l**3 + 2*l**2 - l - 2. Let z(y) = 2*y**2 - 62*y + 458. Let h be z(12). Calculate r(h).
-20
Let y be (-26567)/(-62) - 3/(-6). Let v = y + -433. Let x(i) be the third derivative of i**6/120 + i**5/60 - i**4/8 + i**3/2 + 3*i**2. Calculate x(v).
-33
Let w = -710 + 712. Let o(j) = -j**3 - 4*j**2 - 2*j - 7. Let r(m) = m**3 + 2*m**2 + 2*m + 5. Let z(x) = w*r(x) + 3*o(x). Calculate z(-8).
5
Let a(i) be the first derivative of -3*i**4/4 - 13*i**3/3 - 7*i**2/2 - 8*i + 671. Determine a(-4).
4
Let r(b) be the second derivative of b**5/20 + 17*b**4/12 + 7*b**3/3 - 13*b**2 + 55*b. Suppose 13*c = -16*c - 464. Give r(c).
6
Let b(w) be the second derivative of -w**5/20 + 5*w**4/4 - 5*w**3/2 + 11*w**2/2 + 1506*w. Calculate b(14).
-3
Let k(a) = a**3 - 6*a**2 + 3*a - 5. Suppose 4*y = -2*r + 174, 0 = -2*y - 0*y - 4*r + 96. Let c = y + -41. Let o be (c + 0)*(-10 - -16). Calculate k(o).
13
Let x = 691 - 667. Let m(a) = -a**3 + 23*a**2 + 23*a + 3. What is m(x)?
-21
Suppose -126 = -15*b - 81. Let u(p) = -2*p + 2*p**2 + b*p**2 + 113 + 4*p**3 - 110 - 3*p**2 - 5*p**3. What is u(4)?
-37
Let q(r) = 13*r**3 + 2*r**2 - 1. Let z = -37 - 22. Let k = -61 - z. Let l be ((-3)/6 - 0)/(-1)*k. Calculate q(l).
-12
Suppose 3*y = -7 - 8, 2*w = -5*y - 17. Let m(n) = -4*n - n**3 + 146*n**2 + 426 - 142*n**2 - 419. Determine m(w).
-9
Let c(y) be the first derivative of -y**5/20 + 2*y**4/3 - 4*y**3/3 + 3*y**2/2 - 71*y + 105. Let f(g) be the first derivative of c(g). What is f(7)?
-4
Let u(r) = -3*r**3 + 4*r**2 + 3*r + 1. Let y(o) = o**3 - o - 1. Let j(w) = -u(w) - 4*y(w). Let p(d) = -2*d + 52. Let n be p(9). Let k = n + -37. What is j(k)?
-9
Let n = 275 - 172. Suppose -8*x + 17 = -n. Let p(v) = -20*v - v**3 - 1 + 2*v**2 + 11*v + x*v. Give p(4).
-9
Suppose 5*i = h + 2 + 44, -12*h = -3*i + 96. Let a(t) = t**2 - 8*t + 12. Calculate a(i).
12
Suppose 0 = 4*c - 187 + 311. Suppose -64 = -2*z + 2*y, -5*z + 6*y - 3*y = -158. Let x = c + z. Let p(f) = -f + 3. Determine p(x).
3
Let w(k) be the first derivative of -9*k**2 + 9*k + 1555. What is w(2)?
-27
Suppose -2*j = k - 0*j + 14, j = -k - 9. Let w(x) = x**2 + 42*x - 272. Let d(m) = -m**2 - 38*m + 245. Let q(u) = 10*d(u) + 9*w(u). Determine q(k).
-6
Let r(g) = 8*g + 7. Let c(w) = -7*w - 7. Suppose 5*t - 4 = 4*t. Let m(z) = t*r(z) + 5*c(z). Let h(s) = 3*s - 179. Let i be h(58). Calculate m(i).
8
Let u(k) be the second derivative of k**3/6 + 2*k**2 + k. Let h be -4*4/40*5. Let l(y) = -y**2 + 4*y + 5. Let x be l(h). Give u(x).
-3
Let w be -1 + (-34)/2 - (-6 - 1). Let v(g) = -g**3 - 10*g**2 + 8*g - 8. What is v(w)?
25
Let c be -24 + 19 + (-12)/(5 + -6). Let a(l) = l**2 - 5*l + 8. Let j(f) = -2*f**2 + 11*f - 16. Let w(n) = 5*a(n) + 3*j(n). Determine w(c).
-1
Let a(w) be the first derivative of w**4/4 + 4*w**3/3 - 6*w**2 - 30*w - 102. Let x be